+ c(h). Let x = 2 + -2. What is m(x)?
0
Let c(x) = -x**3 + 4*x**2 + 4*x + 5. Let d(n) = -n - 2 + 3 - 1 - 3. Let k be d(-6). Suppose 5 = t - 4*w + k*w, 2*t - 10 = w. Give c(t).
0
Let t(o) = 0*o - o + 3*o. Suppose 0 = 5*z - z. Let a be 1*(z - (-4 - -3)). Give t(a).
2
Let q(u) = 5*u**2 - u**2 + 2*u**2 - 2*u**2. Let r(w) = -w - 4. Let i be r(-5). What is q(i)?
4
Suppose 4*l = -4*v - 20, 0 = 3*l + 2*v - 0*v + 10. Let n(m) be the third derivative of 1/120*m**6 - 1/10*m**5 - 2*m**2 + 0 + m**3 + l*m + 1/8*m**4. Give n(5).
-4
Let b(w) = w - 4. Let p be b(6). Let f(c) = c**3 - 2*c - 1. Determine f(p).
3
Let u(d) be the first derivative of d**4/4 - 4*d**3 + d**2/2 + 6*d + 9. Let k(s) = s**3 - 11*s**2 + 2*s + 7. Let o(x) = -4*k(x) + 3*u(x). Determine o(7).
4
Let k(w) = 2*w - 6. Let s(f) = -f**2 - 6*f + 5. Let g be s(-6). Let z(x) = -x**3 + 5*x**2 + x - 2. Let c be z(g). Suppose -c*v + 0*v + 12 = 0. Calculate k(v).
2
Suppose -7 = 2*j - 3*r, 0 = -3*j - 0*r - 4*r + 32. Let n(i) = -2*i + 3 + 1 - 3 + j. Determine n(-5).
15
Let k(c) = c**3 + 5*c**2 + 3*c - 2. Let q be k(-4). Suppose 3*p - q = p. Let n be p + -1 - 4/4. Let o(v) = -9*v**2 + 1. Determine o(n).
-8
Let d(n) = -n**2 - 6*n - 2. Let u = 5 + -7. Let k be 2 - 16/2 - u. What is d(k)?
6
Suppose 5*t - 4*p + 21 = -44, -3*t - p - 22 = 0. Let l be 2*(0 + t/(-6)). Suppose -i + l*i = h - 2, 3*h = 0. Let f(o) = -o + 1. Give f(i).
2
Let m(w) = 0*w**2 - 2*w + 1 - 4*w**2 + 6*w**3 - 5*w**3. What is m(2)?
-11
Let i(f) = 22*f + 2. Let y(u) = -3*u + 5. Let k(d) = -10*d + 14. Let w(j) = -6*k(j) + 17*y(j). Let m(s) = -5*i(s) + 12*w(s). Determine m(2).
-2
Let c(l) = l**2 + 2*l - 2. Let t be 12/(-6) + -1 + 1. Let g be 2*(11/t + 0). Let h be (-2)/g - 35/11. Give c(h).
1
Let i(v) = v**3 - v**2 - 4*v - 1. Suppose -b = -3*h - 22, -2*b - 4*h = -4 - 0. Let t = b + -7. What is i(t)?
5
Let p(d) = 2*d**3 + 4*d**2 + 3*d + 1. Let k(y) = y**3 + 8*y**2 - 9*y + 1. Let w be k(-9). Suppose 2*r + 3 = -w. What is p(r)?
-5
Let s = -2 - 4. Let g(c) = c**2 + 8*c + 9. Calculate g(s).
-3
Suppose -3*k - 4 = -5*c - 16, 4*c = 12. Let s be 3/2*24/9. Suppose s*i = -4*d - 4, 2*i + k + 5 = d. Let q(h) = h - 1. Determine q(i).
-6
Let s(q) = -q**3 - 3*q**2 + q - 4. Suppose 3*u + 16 = u. Let c = u - -4. Determine s(c).
8
Let h = -14 + 18. Let j(w) = 3 - 4 + 0*w + h*w + 2. Give j(-2).
-7
Let a(g) = g**2 - 6*g - 11. Suppose 44 = 4*n + 12. What is a(n)?
5
Let c be -3 + 6 + -2 + 2. Let y(g) = -5 - 3*g**2 - 3*g + g**2 + g**2 - c*g. Calculate y(-5).
0
Suppose -11 = c + 3*g, -5*g - 25 = c + 4*c. Let z(l) = l + 2. Calculate z(c).
0
Let k(r) be the second derivative of -2/3*r**3 - 1/20*r**5 - r**2 - 5/12*r**4 + r + 0. Give k(-4).
-2
Let h = -3 - -5. Suppose -4*u = -5*g - 10, -u = g + 4*u + h. Let v(a) = -a + 2. What is v(g)?
4
Let y(c) be the second derivative of c**4/6 + c**3/6 - c**2/2 + 29*c. Determine y(1).
2
Let c(n) = 7*n**3 - n**2 + n - 1. Let t be c(1). Let k(o) = o**2 - 9*o + 7. Calculate k(t).
-11
Let y(p) = 14*p + 2. Let x(t) = -3*t. Let f(c) = -5*x(c) - y(c). Suppose -6 = -4*l + 3*l. Determine f(l).
4
Let s(r) = r**3 - 6*r**2 + 5*r - 7. Let m be (-24)/(-8) - (-2 - (2 + -2)). Calculate s(m).
-7
Let s(w) = 2*w + 5. Suppose -2*n - 4*v - 2 = -v, -2*v = 8. Calculate s(n).
15
Suppose 0 = -14*q + 18*q + 16. Let w(v) = -4*v - 10. What is w(q)?
6
Let z(g) = 3*g - 5. Let i(k) = 2*k - 3. Let s(a) = -a**3 + 5*a**2 - 6*a + 5. Let q be s(4). Let t(v) = q*z(v) + 5*i(v). Let h be 12/3*(-9)/(-6). Determine t(h).
6
Let y(u) be the second derivative of u**7/2520 + u**6/120 - u**5/20 - 5*u**4/12 + 5*u. Let x(k) be the third derivative of y(k). Determine x(-6).
-6
Let o(w) = -4*w - 2. Let u = 1 - -18. Let z = u + -23. Give o(z).
14
Let p = 3 - 0. Let q(m) = m**3 - 3*m**2 + 1. Let b be q(p). Let i(r) = 7*r**2 - 2*r + 1. Give i(b).
6
Let o(i) = i + 4. Let u be o(-4). Let z(v) = -v + 1. What is z(u)?
1
Let g(i) be the first derivative of i**4/24 - i**3 + 2*i**2 - 6. Let b(j) be the second derivative of g(j). What is b(0)?
-6
Let r(q) = -q - 12. Let k(v) = v + 1. Let t be k(-7). Let a be r(t). Let w be (15/a)/(2/4). Let g(l) = -l - 1. Determine g(w).
4
Let z(n) = 5*n**2 + n + 1. Let c(w) = 14*w**2 + 2*w + 4. Let s(a) = 6*c(a) - 17*z(a). Determine s(-6).
1
Let z(i) = i + 2. Suppose -8 = v - 2*v - r, 2*v - 5*r + 19 = 0. Suppose j + v*j + 8 = 0. What is z(j)?
0
Let n be ((-3)/2)/1*-2. Suppose 2*m + 7 = -n*o, -3*o = -8*o - 5*m - 5. Let y(b) = b + 3*b + b - 7*b - 3. What is y(o)?
7
Let q = 1 + -4. Let a = q + 5. Let k(t) = -3 + 3*t**3 + 3*t + 2 - 2*t**3 - 5*t**2. Calculate k(a).
-7
Suppose 0 = l - 2*l - 1. Let g(u) = 2*u**2 + 3*u. Let z = 10 + -6. Let r(f) = -2*f**2 - 2*f. Let a(o) = z*r(o) + 3*g(o). Give a(l).
-3
Suppose -s + 2*s - 3 = 0. Let o(m) be the second derivative of 1/2*m**2 + 0 - 7/6*m**s - 2*m. Determine o(-1).
8
Let i = 1 - -4. Let y(m) = -3 + 2*m + i - 3*m. Let c be y(3). Let z(u) = -2*u**2 + u + 1. Calculate z(c).
-2
Let b(o) = -2*o**3 + o**2 + o + 1. Let u(m) = -4*m**2 - m + 1. Let t be u(1). Let w = t - -6. Determine b(w).
-9
Suppose 3*f - 6 = 12. Suppose 0 = -r - 2*r - f. Let v(j) = 3 + j**2 - 2 - 3*j**2. Calculate v(r).
-7
Let j(q) be the first derivative of 2 + 0*q**2 + 1/360*q**6 + 0*q - 1/60*q**5 - 1/8*q**4 - 1/3*q**3. Let p(z) be the third derivative of j(z). Determine p(-2).
5
Suppose 2*l + 2 = -10. Let u(z) = -4*z - z**2 - 2*z + 3*z + 8 - 4*z. Give u(l).
14
Let o(u) = -u**2. Let j(n) = -n**2 - 2*n + 1. Let m(w) = j(w) - 3*o(w). Give m(2).
5
Let f(x) = -3*x**2 - 6*x - 1. Let z(q) = -2*q**2 - 4*q - 1. Let j(r) = 5*f(r) - 7*z(r). Let b(w) be the first derivative of j(w). What is b(-5)?
8
Let a(q) = -5*q + q - 3*q + 1 - q. Suppose -3*v + 2*l + 11 = 0, -l = -7*v + 3*v + 8. What is a(v)?
-7
Let a(i) = -9*i - 15. Let k(r) = -4*r - 7. Let z(s) = -3*a(s) + 7*k(s). Give z(-4).
0
Let d(v) = v**2 + 3*v + 1. Let k(b) = 5 - 2*b + 8 - b**2 - 8. Let f be (1*3)/((-6)/8). Let n be k(f). What is d(n)?
1
Let w(y) be the first derivative of -y**4/4 - 2*y**3/3 + y**2/2 + 2*y + 3. Suppose -v + 8 = -4*j + v, -4*j = 3*v + 8. What is w(j)?
0
Let h(i) be the third derivative of i**5/60 + i**4/12 - i**3/6 - i**2. Let n be h(1). Let g(p) = 3 + p**2 - 3*p**2 - 2 - 3*p + p**3. What is g(n)?
-5
Let l(n) = -9 - 21*n + 27*n - 6 - 16*n + n**2. Calculate l(12).
9
Let q(i) = -9*i**3 + 2*i**2 + 4*i - 3. Let h(x) = -10*x**3 + 2*x**2 + 5*x - 4. Let r(y) = 5*h(y) - 6*q(y). Determine r(2).
24
Let k(t) = -t + 6. Let i be (4 - (-4 - -9))*0. Calculate k(i).
6
Let f(d) be the third derivative of -d**4/24 - d**3/3 - 2*d**2. Let v be ((-6)/8)/((-4)/(-16)). What is f(v)?
1
Let x(o) be the first derivative of -3 - 2*o**2 + 5*o**2 - 4*o**2 - 7*o + 0. Calculate x(-5).
3
Let k(j) = 2*j - 11. Suppose p + 28 = 5*q - 15, 2*q + 4*p = 4. Let g be k(q). Let h(o) be the second derivative of -o**3/3 + 7*o**2/2 - 2*o. What is h(g)?
-3
Let h be 5/(-3) - (-6)/9. Let c be 10*(8/5 + h). Let t be c/(-4)*(-8)/(-6). Let b(a) = 2*a**2 + 3*a + 1. Give b(t).
3
Suppose 7*k - 21 = 10*k. Let m(i) = i**3 + 7*i**2 + i + 6. Let r be m(k). Let o(q) = 0 + 0 + 5*q. What is o(r)?
-5
Suppose 4*v = -x + 1 + 2, 3 = -3*x. Let h(c) = -c + 1. Calculate h(v).
0
Let l(x) be the third derivative of -x**5/60 + 3*x**4/8 + 7*x**3/3 - 5*x**2. Let h be l(10). Let r(t) = t**2 + t**3 + 2*t**2 - 6*t**2 - 4 - 2*t. What is r(h)?
4
Let o(h) = -5*h**3 + h**2 - h - 8. Let p(f) = 5*f**3 - f**2 + f + 7. Let y be ((-18)/(-12))/((-3)/(-14)). Let v(z) = y*p(z) + 6*o(z). What is v(-1)?
-6
Let j(t) = t**2 + 8*t + 8. Let f = -26 + 48. Let b = -14 + f. Let x(u) = -u**2 + 6*u + 10. Let c be x(b). Give j(c).
-4
Let n(f) = -f + 2. Let z be -1*((0 - 18) + 0). Suppose 0 = -3*i + z. What is n(i)?
-4
Let g(t) = -2*t - 5. Suppose -j + 3*j - 82 = 0. Suppose -5*h + r - j = 5*r, 0 = 3*h + 5*r + 35. What is g(h)?
5
Let k(o) = 2*o + 7. Let y(s) = s**3 + 5*s**2 + s + 6. Let i be y(-5). Let g(d) = 1. Let p be 141/(-27) - 4/(-18). Let a(q) = i*k(q) + p*g(q). Calculate a(2).
6
Suppose -6*r + 2*r + 12 = 0. Suppose 5*m = -r - 12. Let k(b) = -3*b. Calculate k(m).
9
Let t be 4*(-2 - 15/(-12)). Let a = 4 + t. Let z(g) = g**2 + a + 3 - 3. Calculate z(1).
2
Let l(p) be the third derivative of -p**4/24 - p**3/6 + 13*p**2. Give l(5).
-6
Let d(j) = 4*j**2 + j - 1. Suppose -l + 4*p = 4*l + 1